at are the prime factors of ((-104)/(-6))/(14/26019)?
2, 3, 7, 13, 59
Let y be (-6)/((-36)/294) + -2. Let l = y - 79. Let g = 88 - l. List the prime factors of g.
2, 3, 5
Suppose -10738 = 13*g + 78. Let t = -506 - g. What are the prime factors of t?
2, 163
Let m = -10 + 13. Suppose m*k - 4 = k. Suppose -t + 120 = k*t. What are the prime factors of t?
2, 5
Let f = -70452 + 112935. List the prime factors of f.
3, 7, 17
Suppose 32*t + 19*t - 187212 = 39*t. What are the prime factors of t?
15601
Let m(c) = -c**2 - 9*c + 12. Let a(n) = -n**2 - 19*n + 26. Let l(b) = 2*a(b) - 5*m(b). List the prime factors of l(6).
2, 71
Suppose -4*z = -5*w - 118937, 59491 = 2*z - 80*w + 85*w. What are the prime factors of z?
2, 14869
Let j(u) = -1460*u + 7273. What are the prime factors of j(-13)?
3, 2917
Let p(s) = 620 - 2*s**2 - 1841 + 3*s**2 + 610 + 619 - 11*s. Let v = -25 + 41. List the prime factors of p(v).
2, 11
Let n(m) = -2*m + 10. Suppose -6*w + 8*w + 16 = 0. Let p be n(w). What are the prime factors of (p + -1)/((-4)/(-4))?
5
Let x(p) = -p**2 - 24*p + 12. Let l be x(-24). Suppose -4*k + 244 = 4*z - 2*k, -3*k = -l. What are the prime factors of z?
59
What are the prime factors of (-4)/(-5) + 688620/100?
71, 97
Let d be -5*(1 - (-4 - -12)). Let y = -35 + d. Suppose -72 = -5*q - y*q + 3*n, 5*n = 5*q - 80. List the prime factors of q.
2, 3
Let z = -292 - -288. List the prime factors of (-1606)/z + 6 + 15/(-6).
3, 5
Let z = -5514 + 10506. Suppose -15*g = -2*g - z. What are the prime factors of g?
2, 3
Let p(l) be the second derivative of 5*l**3/6 + 24*l**2 + 16*l. Let o be p(-8). Let j(k) = k**3 - 5*k**2 + 5*k + 17. What are the prime factors of j(o)?
3, 83
Let k(x) = 10*x - 122. Let q(i) = -10*i + 121. Let a(s) = 3*k(s) + 4*q(s). List the prime factors of a(5).
2, 17
Suppose 487*w + 18 = 493*w. Suppose d + 10*j = 9*j + 1203, -w*d - 5*j + 3601 = 0. What are the prime factors of d?
17, 71
Let j be (-32 - -31)*((-8)/2)/2. List the prime factors of ((-1110)/8 - j)/((-7)/28).
563
Let m = 924 + 5556. What are the prime factors of m?
2, 3, 5
Let k(p) = -11*p**3 + 2*p**2 - 4*p + 14. Let f be k(3). Let q = f - -552. List the prime factors of q.
5, 11
Suppose -794*v = -785*v - 18. Suppose -4*u = v*l - 4*l + 3726, -7492 = -4*l - 2*u. List the prime factors of l.
1871
Suppose 2*p = 4, p = -2*y - 2*p + 36. Suppose -4*z + y = z. Suppose 0 = 2*h - z*o - 73, -6*h + 5*o = -h - 180. List the prime factors of h.
5, 7
Let w(i) = 11*i**2 - 10*i + 18. Let s be (-9)/(285/(-38)*2/10). List the prime factors of w(s).
2, 3, 59
Let v be (3 + -3 - -2) + (1 - -1). List the prime factors of v + (1094 + 7 - -3).
2, 277
Let p = -46 - -60. Suppose 4*a - 2*a - 2*f - 20 = 0, -52 = -5*a + 3*f. Suppose a*j + 579 = p*j. What are the prime factors of j?
193
Let r = 6780 + 8618. List the prime factors of r.
2, 7699
Let p = 845 + -1245. Let s = p - -693. What are the prime factors of s?
293
Let w(n) = 20*n - 106. Let o(b) = 6*b + 1. Let k(q) = -14*o(q) + 2*w(q). What are the prime factors of k(-18)?
2, 283
Suppose 0*g - 4*g + 15 = -c, -5 = -2*g + 3*c. Suppose g*h - 34 = -t + 3, 3*h + t = 27. What are the prime factors of 3 - h*(0 - 11)?
113
Let a = -170 - -174. Suppose 0 = a*j - 701 - 319. What are the prime factors of j?
3, 5, 17
Let x = -3938 - -13442. Suppose -54*w = -36*w - x. What are the prime factors of w?
2, 3, 11
Suppose 54548 = -41*v - 51*v + 271852. List the prime factors of v.
2, 1181
Let w(h) = 3*h**3 - 35*h**2 + h + 3616. List the prime factors of w(0).
2, 113
Let g = -33 + 35. Suppose g*f + 111 = f. Let q = f + 164. What are the prime factors of q?
53
Suppose -1724 - 1531 = -15*z. Suppose -3*b + 249 = -3*w, -6*b - 5*w + z = -3*b. List the prime factors of b.
79
Suppose -5*d = 5*t - 1610, 4*d - 3*t - 1306 = 2*t. Let q be (-8 - -6)*1/2 - 45. Let w = q + d. What are the prime factors of w?
2, 139
Suppose -436 + 6 = -c + 3*s, -4*c + 1655 = s. Suppose p - 4*p + 505 = 4*r, 3*r - 5*p - c = 0. List the prime factors of r.
2, 5, 13
Suppose -112 = -17*o + 16*o. Let s = o + 0. What are the prime factors of s?
2, 7
Let b(y) = 32 - 80*y + y**3 - 38*y + 0*y + 27*y**2. List the prime factors of b(-30).
2, 109
Suppose -2*d + v = -35, -3*v + 0*v = -15. Let y(w) = 11*w - 3 + 2*w + 2*w**2 - d*w. List the prime factors of y(8).
3, 23
Let p(t) = -21*t**2 + 10*t - 6. Let b be p(-5). Let f = b + 823. What are the prime factors of f?
2, 11
Let l be (-11)/22*14*-1. Let j be (38/(-6))/(-5 - (-70)/15). Let v = j - l. List the prime factors of v.
2, 3
List the prime factors of 888670/45 + (-54)/243.
2, 4937
Suppose -30*w = -20*w - 7730. What are the prime factors of w?
773
Let r(z) = -2*z**3 - 90*z**2 + 176*z + 28. What are the prime factors of r(-47)?
2, 37
Suppose i = -2*d - d + 8, 4*i - 24 = -4*d. Suppose 452 - 494 = 14*p. List the prime factors of (3 - d) + ((-12)/p)/4.
3
Let j(c) = 4*c**2 - 28*c + 77. What are the prime factors of j(17)?
757
Suppose -w + 32571 = 2*v, -55*v + 32569 = -53*v - w. List the prime factors of v.
5, 3257
What are the prime factors of 218 - 10/(100/(-90))?
227
Suppose -24*j - 60 = -44*j. Suppose 6*y - 5*y - o = 1253, -j*o = 15. List the prime factors of y.
2, 3, 13
List the prime factors of 1566062/296 - ((-10)/(-32))/(3/(-12)).
2, 3, 7
Let k = -51 + 711. Let j = k + -193. What are the prime factors of j?
467
Let u be (-2)/(-2)*(0/(-2) + 3). Suppose -u*h - p = -1, p + 0 + 5 = 0. What are the prime factors of -2 - (-102 - (h - 5))?
97
Suppose -2*k - f = -35857, 81*f - 79*f + 2 = 0. What are the prime factors of k?
17929
Let w(h) = -2*h**2 + 17*h - 14. Let v be w(7). Suppose 0 = v*s - 10*s. Suppose 5*l - 229 - 92 = -4*p, p - 4*l - 96 = s. What are the prime factors of p?
2, 3, 7
Suppose 2*g = 2, 3*h - 2*g + 2560 = 51608. List the prime factors of h.
2, 3, 5, 109
Let w be 2/(-2) - 1/(-1). Suppose 90 = 5*q + 2*u, w = -2*u - 0*u - 10. Suppose 2*p - n - 4 = 4*n, -4*p + 4*n + q = 0. List the prime factors of p.
7
What are the prime factors of (3 + -54830 - -1)*93/(-186)?
79, 347
Let p = 263 + 426. Let o = -336 + p. What are the prime factors of o?
353
Let z = 94 + -89. What are the prime factors of ((-910)/(-28))/(-2 - z/(-2))?
5, 13
Suppose 0 = 2*a + 8, 3*k - 9*a - 51 = -6*a. Suppose k*x - 20550 = -5314. List the prime factors of x.
2, 293
Let d(q) = 104*q**2 + 119*q - 1285. List the prime factors of d(11).
2, 197
Suppose 13*g - 4860 = -5*g - 2*g. What are the prime factors of g?
3
Let t = -56 + 59. Suppose -2*b - t*i + 15 = 0, 0 = -5*b - 4*i + 29 - 2. Suppose -u = 3*f - 57, b*u + 2*u = -3*f + 57. What are the prime factors of f?
19
Suppose -p - 2 - 8 = -3*c, 2*c - 8 = 0. Suppose -5*v + 116 = 5*a - 179, 289 = 5*v + p*a. List the prime factors of v.
3, 19
Let z = 87 - 84. Let f(s) = s**2 + 1 + 104*s**3 + 4*s**z + 2*s - 7*s**3 - 3. List the prime factors of f(1).
2, 3, 17
Suppose 1334 = -226*a + 228*a. What are the prime factors of a?
23, 29
Let h = -219 + 275. Suppose 5*u = -2*w + 1687, 61*w - h*w - 342 = -u. What are the prime factors of u?
337
List the prime factors of (76265/14)/(265/318).
3, 2179
Let g be 1*25/5 + -3 - 375. Let d = -147 - g. What are the prime factors of d?
2, 113
Let g(l) = -l**3 + 16*l**2 - l + 7. Let x be g(16). Let q be -6*6/x - 141. Let f = q + 233. What are the prime factors of f?
2, 3
Let j(o) = -183*o**2 + 380*o**2 - 17*o - 188*o**2 + 2. Let z be j(2). Suppose 4*q = 5*t + 193, -3*q + z*t = -0*q - 145. What are the prime factors of q?
47
Let p be 1/(-6) - (-544)/(-192). List the prime factors of -3770*(p/(-7) + (-174)/210).
2, 13, 29
Suppose 3151*k + 127624 = 3158*k. List the prime factors of k.
2, 43, 53
Let j(c) be the third derivative of -7*c**4/12 - 2*c**3/3 - c**2 - 34*c. Suppose 0 = -3*k + 12, 3*n + 3*k = -0*n - 6. What are the prime factors of j(n)?
2, 5
Suppose 5*i - 1710 = -5*d, -2*i + 352 = -i - 4*d. Suppose 3*y + 326 + i = 2*b, 0 = -3*b - 2*y + 992. What are the prime factors of b?
2, 83
Let z(y) be the first derivative of -21*y**4 - y**3/3 - 2*y**2 - 2*y - 145. List the prime factors of z(-2).
2, 337
Let k(o) = -o**3 - 7*o**2 - 10*o + 10. Let a be k(-5). Suppose 0 = -10*s + 8*s + a. Suppose 406 = s*g - 414. List the prime factors of g.
2, 41
Let c be (-20)/30 + 128/(-6). Let x be ((-11)/(-4))/(2/(-72)). Let f = c - x. What are the prime factors 